{"id":1228,"date":"2018-06-26T19:40:00","date_gmt":"2018-06-26T19:40:00","guid":{"rendered":"http:\/\/www.wahrnehmungsraeume.at\/?page_id=1228"},"modified":"2023-09-05T13:27:14","modified_gmt":"2023-09-05T13:27:14","slug":"eleusis-weg-der-einweihung","status":"publish","type":"page","link":"https:\/\/www.wahrnehmungsraeume.at\/?page_id=1228","title":{"rendered":"Meditation und Stille &#8211; Retreat"},"content":{"rendered":"<p>Du hast geschrien, gew\u00fctet, getobt. Du m\u00f6chtest es anders haben, besser, du m\u00f6chtest es gut haben, entspannt sein, frei sein, bem\u00fchst dich, um etwas zu erreichen, willst gerne die Zukunft steuern, kontrollieren. Du sagst dir: Irgendwann wird es besser &#8211; nach dem n\u00e4chsten Seminar, wenn alles erledigt ist, wenn all deine Projekte abgeschlossen sind, wenn die Ursachen f\u00fcr deine Probleme gefunden sind. Doch da taucht das n\u00e4chste Projekt auf &#8230;<\/p>\n<p>Halte inne. Werde still. Meditation beginnt da, wo du aufh\u00f6rst, dich zu bem\u00fchen, nichts mehr ver\u00e4ndert haben willst, aufh\u00f6rst zu k\u00e4mpfen, um etwas zu erreichen, keine Antworten mehr suchst.<br>Die Fortsetzung eines Reinigungsprozesses auf der n\u00e4chsten, einer feineren Ebene &#8211; oder der Prozess beginnt. Klarheit stellt sich ein in Gedanken, dann im Handeln.<\/p>\n<p>Das ist unsere tiefe Sehnsucht: innere Freiheit. Mut kommt dazu und macht die Wandlung m\u00f6glich. Das Herz wird weit und offen und kann sich zeigen. Ein Prozess der \u00d6ffnung findet statt f\u00fcr den Teil von dir, der \u00fcber alle Grenzen hinausgeht und schon immer da war. Heitere Gelassenheit, tiefer Friede und eine Liebe f\u00fcr das Leben, wie es ist.<\/p>\n<p>Es spielt keine Rolle, ob du gerade mit Meditation beginnst oder schon lange Zeit meditierst. Wichtig ist deine innere Haltung, mit der du auf den Prozess der Meditation zugehst. Das wichtigste ist deine Offenheit, eine echt unschuldige Haltung, was hei\u00dft, dass sie nicht von der Vergangenheit beeinflusst ist, dass wir nicht schon durch Erz\u00e4hlungen, die Medien oder spirituelle Traditionen wissen, was Meditation ist. Wir n\u00e4hern uns dem Thema &#8220;Meditation&#8221; frisch und unbedarft.<\/p>\n\n\n<p><\/p>\n\n\n\n<blockquote class=\"wp-block-quote\">\n<p><em>Auf die neue Stufe gelangt der Mensch, wenn seine Verbindung mit dem Absoluten nicht nur in gelegentlichen Erlebnissen aufblitzt und insgesamt dann doch nur auf Glauben beruht, sondern auf einer sich stetig vertiefenden, den ganzen Menschen schlie\u00dflich immer dauerhafter durchdringenden, bewusst wahrgenommenen und gepflegten Pr\u00e4senz der Transzendenz.<\/em><\/p>\n\n\n\n<p>-Graf D\u00fcrckheim<\/p>\n<\/blockquote>\n","protected":false},"excerpt":{"rendered":"<p>Du hast geschrien, gew\u00fctet, getobt. Du m\u00f6chtest es anders haben, besser, du m\u00f6chtest es gut haben, entspannt sein, frei sein, bem\u00fchst dich, um etwas zu erreichen, willst gerne die Zukunft steuern, kontrollieren. Du sagst dir: Irgendwann wird es besser &#8211; nach dem n\u00e4chsten Seminar, wenn alles erledigt ist, wenn all deine Projekte abgeschlossen sind, wenn [&hellip;]<\/p>\n","protected":false},"author":4,"featured_media":0,"parent":31,"menu_order":6,"comment_status":"closed","ping_status":"closed","template":"","meta":{"ngg_post_thumbnail":0},"_links":{"self":[{"href":"https:\/\/www.wahrnehmungsraeume.at\/index.php?rest_route=\/wp\/v2\/pages\/1228"}],"collection":[{"href":"https:\/\/www.wahrnehmungsraeume.at\/index.php?rest_route=\/wp\/v2\/pages"}],"about":[{"href":"https:\/\/www.wahrnehmungsraeume.at\/index.php?rest_route=\/wp\/v2\/types\/page"}],"author":[{"embeddable":true,"href":"https:\/\/www.wahrnehmungsraeume.at\/index.php?rest_route=\/wp\/v2\/users\/4"}],"replies":[{"embeddable":true,"href":"https:\/\/www.wahrnehmungsraeume.at\/index.php?rest_route=%2Fwp%2Fv2%2Fcomments&post=1228"}],"version-history":[{"count":23,"href":"https:\/\/www.wahrnehmungsraeume.at\/index.php?rest_route=\/wp\/v2\/pages\/1228\/revisions"}],"predecessor-version":[{"id":1847,"href":"https:\/\/www.wahrnehmungsraeume.at\/index.php?rest_route=\/wp\/v2\/pages\/1228\/revisions\/1847"}],"up":[{"embeddable":true,"href":"https:\/\/www.wahrnehmungsraeume.at\/index.php?rest_route=\/wp\/v2\/pages\/31"}],"wp:attachment":[{"href":"https:\/\/www.wahrnehmungsraeume.at\/index.php?rest_route=%2Fwp%2Fv2%2Fmedia&parent=1228"}],"curies":[{"name":"wp","href":"https:\/\/api.w.org\/{rel}","templated":true}]}}