{"id":16,"date":"2010-06-02T13:26:34","date_gmt":"2010-06-02T13:26:34","guid":{"rendered":"http:\/\/www.wahrnehmungsraeume.at\/\/wordpress\/?page_id=16"},"modified":"2013-09-30T18:05:13","modified_gmt":"2013-09-30T18:05:13","slug":"praxis","status":"publish","type":"page","link":"https:\/\/www.wahrnehmungsraeume.at\/?page_id=16","title":{"rendered":"Praxis"},"content":{"rendered":"<h2><strong>Die Therapie und ihre Methoden im \u00dcberblick:<\/strong><\/h2>\n<p>Der <strong>elektromagnetische Bluttest nach Dr. Aschoff<\/strong> stellt als Testverfahren Grundlage und Verlaufskontrolle der laufenden Therapie dar.<\/p>\n<p>Wir beginnen mit der k\u00f6rperlichen <strong>Ausleitungs- und Entgiftungstherapie<\/strong> mit Hilfe <strong>hom\u00f6opathischer Mittel<\/strong> und Nosoden &#8211; diese wird bei Bedarf durch <strong>Akupunktur<\/strong> unterst\u00fctzt.<\/p>\n<p>Es folgen Hinweise und Empfehlungen hinsichtlich Ern\u00e4hrung, Thema Wasser,<br \/>\nZ\u00e4hne, Zahnersatzmaterial (Amalgam, Kunststoff, Gold, Keramik, &#8230;.) &#8211; <strong>Schwermetallausleitung<\/strong> &#8211; Parasiten oder Pilze sowie Empfehlung zu Spurenelementen, Vitaminen und Mineralstoffen (= <strong>Orthomolekulare Therapie<\/strong>).<\/p>\n<p><strong>Impfberatung und -ausleitung<\/strong><\/p>\n<p><strong>Kristallbett nach Joao de Deus<\/strong><\/p>\n<p><strong>Therapie der Borreliose<\/strong><\/p>\n<p>Mittels <a href=\" http:\/\/www.wahrnehmungsraeume.at\/?page_id=522 \" target=\"_blank\"><strong>unserer Seminare<\/strong> <\/a>zu den Bereichen Traumatische Prozessarbeit, R\u00fcckf\u00fchrungen, Aufstellungsarbeit und Visionssuche unterst\u00fctzen wir sie, das &#8220;Archiv&#8221; alter Erinnerungen, das sie krank werden lie\u00df, zu entdecken und zu kl\u00e4ren. Alte und fr\u00fchkindliche Traumata (seelische Verletzungen, Schockerlebnisse), die im K\u00f6rper gespeichert sind, und die Ver\u00e4nderungen im Energiesystem hinterlassen haben, werden sichtbar gemacht, verwandelt und integriert. Indem sie integriert werden, verlieren sie ihre negative Wirkung und unterst\u00fctzen den Heilungsprozess. Energie beginnt wieder zu flie\u00dfen, Leben kehrt in den K\u00f6rper zur\u00fcck. Das dunkle Bild von Angst und Depression oder das blockierende Bild von Aggression oder ein anderes behinderndes Bild l\u00f6st sich auf. Die gewonnen Klarheit hilft, an der Gesundheit zu arbeiten, die Lebenskrise bewusst zu erleben und zu bew\u00e4ltigen und den eigenen, individuellen, Sinn von Krankheit Gesundheit und des Lebens zu entdecken. Verst\u00e4ndnis f\u00fcr sich selbst und die anderen taucht auf. Freude und Zufriedenheit tief aus dem Inneren stellen sich ein.<\/p>\n<p>In Einzelarbeit kann der pers\u00f6nliche Prozess nachgearbeitet und vertieft werden.<\/p>\n<p>Alle unsere Seminare sind erfahrungsorientiert. Vernunft und Sprache, Logik und Namen \u2013 obgleich praktisch \u2013 trennen uns von der Erfahrung und verhindern, dass wir das Mysterium des Lebens direkt erfahren k\u00f6nnen. Doch Einsichten entstehen aus der Erfahrung, nicht aus dem dar\u00fcber reden, dar\u00fcber lesen oder dar\u00fcber h\u00f6ren.<\/p>\n<p>Wir werden direkt zu unseren ver\u00e4nderten Energiesystemen hingef\u00fchrt. Dadurch werden sie sichtbar gemacht und ein konstruktiver Umgang damit wird m\u00f6glich. Wir k\u00f6nnen Sie nicht gesund machen. Das kann nur jeder f\u00fcr sich tun. Jeder geht seinen eigenen Weg der Gesundheit. Wir unterst\u00fctzen Sie, geben ihnen Hinweise, nehmen Sie an der Hand und halten Sie im Arm, wenn es schwer wird, doch gehen m\u00fcssen sie selbst.<\/p>\n","protected":false},"excerpt":{"rendered":"<p>Die Therapie und ihre Methoden im \u00dcberblick: Der elektromagnetische Bluttest nach Dr. Aschoff stellt als Testverfahren Grundlage und Verlaufskontrolle der laufenden Therapie dar. Wir beginnen mit der k\u00f6rperlichen Ausleitungs- und Entgiftungstherapie mit Hilfe hom\u00f6opathischer Mittel und Nosoden &#8211; diese wird bei Bedarf durch Akupunktur unterst\u00fctzt. Es folgen Hinweise und Empfehlungen hinsichtlich Ern\u00e4hrung, Thema Wasser, Z\u00e4hne, [&hellip;]<\/p>\n","protected":false},"author":1,"featured_media":738,"parent":0,"menu_order":3,"comment_status":"closed","ping_status":"closed","template":"","meta":{"ngg_post_thumbnail":0},"_links":{"self":[{"href":"https:\/\/www.wahrnehmungsraeume.at\/index.php?rest_route=\/wp\/v2\/pages\/16"}],"collection":[{"href":"https:\/\/www.wahrnehmungsraeume.at\/index.php?rest_route=\/wp\/v2\/pages"}],"about":[{"href":"https:\/\/www.wahrnehmungsraeume.at\/index.php?rest_route=\/wp\/v2\/types\/page"}],"author":[{"embeddable":true,"href":"https:\/\/www.wahrnehmungsraeume.at\/index.php?rest_route=\/wp\/v2\/users\/1"}],"replies":[{"embeddable":true,"href":"https:\/\/www.wahrnehmungsraeume.at\/index.php?rest_route=%2Fwp%2Fv2%2Fcomments&post=16"}],"version-history":[{"count":14,"href":"https:\/\/www.wahrnehmungsraeume.at\/index.php?rest_route=\/wp\/v2\/pages\/16\/revisions"}],"predecessor-version":[{"id":885,"href":"https:\/\/www.wahrnehmungsraeume.at\/index.php?rest_route=\/wp\/v2\/pages\/16\/revisions\/885"}],"wp:featuredmedia":[{"embeddable":true,"href":"https:\/\/www.wahrnehmungsraeume.at\/index.php?rest_route=\/wp\/v2\/media\/738"}],"wp:attachment":[{"href":"https:\/\/www.wahrnehmungsraeume.at\/index.php?rest_route=%2Fwp%2Fv2%2Fmedia&parent=16"}],"curies":[{"name":"wp","href":"https:\/\/api.w.org\/{rel}","templated":true}]}}