{"id":17,"date":"2010-06-02T13:26:50","date_gmt":"2010-06-02T13:26:50","guid":{"rendered":"http:\/\/www.wahrnehmungsraeume.at\/\/wordpress\/?page_id=17"},"modified":"2013-03-29T12:11:34","modified_gmt":"2013-03-29T12:11:34","slug":"bluttest-nach-dr-aschoff","status":"publish","type":"page","link":"https:\/\/www.wahrnehmungsraeume.at\/?page_id=17","title":{"rendered":"Bluttest nach Dr. Aschoff"},"content":{"rendered":"<p><strong>&#8220;Alles, was ist, schwingt.&#8221;<\/strong><\/p>\n<p>Es handelt es sich hier um einen elektromagnetischen Bluttest, der die Eigenschwingung von Zellen im menschlichen K\u00f6rper zur Grundlage hat.<\/p>\n<p>Dieser Test stellt eine einfache M\u00f6glichkeit dar, in einer sogenannten Direktmessung der Zellfrequenz rasch und unkompliziert St\u00f6rungen der Eigenschwingung zu erkennen.<\/p>\n<p>Wir erkennen spezifische St\u00f6rungsmuster und k\u00f6nnen daher mit einem einzigen Blutstropfen kleinste Ver\u00e4nderungen an Organen, St\u00f6rungen durch Viren und Bakterien oder sonstige Problembereiche identifizieren.<\/p>\n<p>Aufbauend auf dieser Messung, ergibt sich eine genau abgestimmte Therapie.<\/p>\n","protected":false},"excerpt":{"rendered":"<p>&#8220;Alles, was ist, schwingt.&#8221; Es handelt es sich hier um einen elektromagnetischen Bluttest, der die Eigenschwingung von Zellen im menschlichen K\u00f6rper zur Grundlage hat. Dieser Test stellt eine einfache M\u00f6glichkeit dar, in einer sogenannten Direktmessung der Zellfrequenz rasch und unkompliziert St\u00f6rungen der Eigenschwingung zu erkennen. Wir erkennen spezifische St\u00f6rungsmuster und k\u00f6nnen daher mit einem einzigen [&hellip;]<\/p>\n","protected":false},"author":1,"featured_media":738,"parent":16,"menu_order":1,"comment_status":"closed","ping_status":"closed","template":"","meta":{"ngg_post_thumbnail":0},"_links":{"self":[{"href":"https:\/\/www.wahrnehmungsraeume.at\/index.php?rest_route=\/wp\/v2\/pages\/17"}],"collection":[{"href":"https:\/\/www.wahrnehmungsraeume.at\/index.php?rest_route=\/wp\/v2\/pages"}],"about":[{"href":"https:\/\/www.wahrnehmungsraeume.at\/index.php?rest_route=\/wp\/v2\/types\/page"}],"author":[{"embeddable":true,"href":"https:\/\/www.wahrnehmungsraeume.at\/index.php?rest_route=\/wp\/v2\/users\/1"}],"replies":[{"embeddable":true,"href":"https:\/\/www.wahrnehmungsraeume.at\/index.php?rest_route=%2Fwp%2Fv2%2Fcomments&post=17"}],"version-history":[{"count":7,"href":"https:\/\/www.wahrnehmungsraeume.at\/index.php?rest_route=\/wp\/v2\/pages\/17\/revisions"}],"predecessor-version":[{"id":740,"href":"https:\/\/www.wahrnehmungsraeume.at\/index.php?rest_route=\/wp\/v2\/pages\/17\/revisions\/740"}],"up":[{"embeddable":true,"href":"https:\/\/www.wahrnehmungsraeume.at\/index.php?rest_route=\/wp\/v2\/pages\/16"}],"wp:featuredmedia":[{"embeddable":true,"href":"https:\/\/www.wahrnehmungsraeume.at\/index.php?rest_route=\/wp\/v2\/media\/738"}],"wp:attachment":[{"href":"https:\/\/www.wahrnehmungsraeume.at\/index.php?rest_route=%2Fwp%2Fv2%2Fmedia&parent=17"}],"curies":[{"name":"wp","href":"https:\/\/api.w.org\/{rel}","templated":true}]}}