{"id":21,"date":"2010-06-02T13:27:36","date_gmt":"2010-06-02T13:27:36","guid":{"rendered":"http:\/\/www.wahrnehmungsraeume.at\/\/wordpress\/?page_id=21"},"modified":"2013-03-29T12:12:28","modified_gmt":"2013-03-29T12:12:28","slug":"homoopathie","status":"publish","type":"page","link":"https:\/\/www.wahrnehmungsraeume.at\/?page_id=21","title":{"rendered":"Homo\u00f6pathie &#038; Nosodentherapie"},"content":{"rendered":"<p><strong>&#8220;\u00c4hnliches wird durch \u00c4hnliches geheilt&#8221; \u2013 das ist der Grundsatz, auf dem diese Behandlungsmethode aufbaut.<\/strong><\/p>\n<p>Ein Beispiel ist die Behandlung von Brechreiz mit dem hom\u00f6opathischen Mittel des Brechnussbaumes (Nux vomica), das selbst in \u00dcberdosierung \u00dcbelkeit und Brechreiz hervorruft.<\/p>\n<p><strong>Hom\u00f6opathische Medikamente<\/strong> sind Verd\u00fcnnungen und Potenzierungen von Pflanzen, Mineralien, Salzen und tierischen Produkten. <strong>Nosoden<\/strong> sind Verd\u00fcnnungen und Potenzierungen von krankem Gewebe, Krankheitserregern und anderen Giftstoffen.<\/p>\n<p>Das entscheidende dabei ist, dass die Substanz nicht nur verd\u00fcnnt werden, sondern auch versch\u00fcttelt (potenziert). Bei diesem Versch\u00fctteln wird Energie zugef\u00fchrt, welche vom menschlichen K\u00f6rper aufgenommen werden kann.<\/p>\n<p>Das hom\u00f6opathische Medikament gibt Informationen als elektromagnetische Schwingung an den K\u00f6rper weiter und versetzt den Organismus somit in die Lage, Heilvorg\u00e4nge einzuleiten.<\/p>\n<p>Das Wirkungsprinzip ist von anderen Medikamenten grunds\u00e4tzlich verschieden, weil es auf physikalischen und nicht auf chemischen Grunds\u00e4tzen beruht.<\/p>\n<p>Je verd\u00fcnnter die L\u00f6sung ist, desto h\u00f6her ist die therapeutische Wirkung.<br \/>\nWir setzen unsere Erfahrung auf diesem Gebiet ein, um das richtige hom\u00f6opathische Mittel in der richtigen Potenz f\u00fcr sie zu finden.<\/p>\n","protected":false},"excerpt":{"rendered":"<p>&#8220;\u00c4hnliches wird durch \u00c4hnliches geheilt&#8221; \u2013 das ist der Grundsatz, auf dem diese Behandlungsmethode aufbaut. Ein Beispiel ist die Behandlung von Brechreiz mit dem hom\u00f6opathischen Mittel des Brechnussbaumes (Nux vomica), das selbst in \u00dcberdosierung \u00dcbelkeit und Brechreiz hervorruft. Hom\u00f6opathische Medikamente sind Verd\u00fcnnungen und Potenzierungen von Pflanzen, Mineralien, Salzen und tierischen Produkten. Nosoden sind Verd\u00fcnnungen und [&hellip;]<\/p>\n","protected":false},"author":1,"featured_media":738,"parent":16,"menu_order":2,"comment_status":"closed","ping_status":"closed","template":"","meta":{"ngg_post_thumbnail":0},"_links":{"self":[{"href":"https:\/\/www.wahrnehmungsraeume.at\/index.php?rest_route=\/wp\/v2\/pages\/21"}],"collection":[{"href":"https:\/\/www.wahrnehmungsraeume.at\/index.php?rest_route=\/wp\/v2\/pages"}],"about":[{"href":"https:\/\/www.wahrnehmungsraeume.at\/index.php?rest_route=\/wp\/v2\/types\/page"}],"author":[{"embeddable":true,"href":"https:\/\/www.wahrnehmungsraeume.at\/index.php?rest_route=\/wp\/v2\/users\/1"}],"replies":[{"embeddable":true,"href":"https:\/\/www.wahrnehmungsraeume.at\/index.php?rest_route=%2Fwp%2Fv2%2Fcomments&post=21"}],"version-history":[{"count":8,"href":"https:\/\/www.wahrnehmungsraeume.at\/index.php?rest_route=\/wp\/v2\/pages\/21\/revisions"}],"predecessor-version":[{"id":741,"href":"https:\/\/www.wahrnehmungsraeume.at\/index.php?rest_route=\/wp\/v2\/pages\/21\/revisions\/741"}],"up":[{"embeddable":true,"href":"https:\/\/www.wahrnehmungsraeume.at\/index.php?rest_route=\/wp\/v2\/pages\/16"}],"wp:featuredmedia":[{"embeddable":true,"href":"https:\/\/www.wahrnehmungsraeume.at\/index.php?rest_route=\/wp\/v2\/media\/738"}],"wp:attachment":[{"href":"https:\/\/www.wahrnehmungsraeume.at\/index.php?rest_route=%2Fwp%2Fv2%2Fmedia&parent=21"}],"curies":[{"name":"wp","href":"https:\/\/api.w.org\/{rel}","templated":true}]}}