{"id":27,"date":"2010-06-02T13:28:25","date_gmt":"2010-06-02T13:28:25","guid":{"rendered":"http:\/\/www.wahrnehmungsraeume.at\/\/wordpress\/?page_id=27"},"modified":"2017-04-28T04:47:38","modified_gmt":"2017-04-28T04:47:38","slug":"ernahrungsberatung","status":"publish","type":"page","link":"https:\/\/www.wahrnehmungsraeume.at\/?page_id=27","title":{"rendered":"Ern\u00e4hrungsberatung"},"content":{"rendered":"<p>Richtige Ern\u00e4hrung ist ein wichtiger Grundpfeiler zur Pflege, Erhaltung und Wiederherstellung der Gesundheit. Die Lebensmittel sollen hochwertig sein und leicht verdaulich zubereitet werden, um vom K\u00f6rper optimal aufgenommen zu werden.<\/p>\n<p>Falsche Esskultur und Ern\u00e4hrung sowie chronischer Stress (durch t\u00e4gliche \u00dcberlastungen, \u00dcberforderungen, Krankheiten, &#8230;) f\u00fchren zu einer \u00dcbers\u00e4uerung des K\u00f6rpers. Auf Dauer werden dadurch die Funktionen von einzelnen Organen und Zellen beeinflusst und f\u00fchren zu Beschwerden.<\/p>\n<p>Umso wichtiger ist es, sich mit der richtigen Zusammensetzung, Menge und Zubereitung von Nahrungsmitteln zu besch\u00e4ftigen, um den K\u00f6rper mit einer idealen, basen\u00fcbersch\u00fcssigen Di\u00e4t positiv zu beeinflussen.<\/p>\n<p>Diese Ern\u00e4hrungsweise unterst\u00fctzt \u00fcbergreifend unsere anderen Behandlungs-methoden (Hom\u00f6opathie, Nosodentherapie, Akupunktur, Schwermetallausschwemmung etc.<\/p>\n<p><strong>-&gt; \u201eDas S\u00e4ure\/ Basen Thema\u201c<\/strong><\/p>\n","protected":false},"excerpt":{"rendered":"<p>Richtige Ern\u00e4hrung ist ein wichtiger Grundpfeiler zur Pflege, Erhaltung und Wiederherstellung der Gesundheit. Die Lebensmittel sollen hochwertig sein und leicht verdaulich zubereitet werden, um vom K\u00f6rper optimal aufgenommen zu werden. Falsche Esskultur und Ern\u00e4hrung sowie chronischer Stress (durch t\u00e4gliche \u00dcberlastungen, \u00dcberforderungen, Krankheiten, &#8230;) f\u00fchren zu einer \u00dcbers\u00e4uerung des K\u00f6rpers. Auf Dauer werden dadurch die Funktionen [&hellip;]<\/p>\n","protected":false},"author":1,"featured_media":738,"parent":16,"menu_order":8,"comment_status":"closed","ping_status":"closed","template":"","meta":{"ngg_post_thumbnail":0},"_links":{"self":[{"href":"https:\/\/www.wahrnehmungsraeume.at\/index.php?rest_route=\/wp\/v2\/pages\/27"}],"collection":[{"href":"https:\/\/www.wahrnehmungsraeume.at\/index.php?rest_route=\/wp\/v2\/pages"}],"about":[{"href":"https:\/\/www.wahrnehmungsraeume.at\/index.php?rest_route=\/wp\/v2\/types\/page"}],"author":[{"embeddable":true,"href":"https:\/\/www.wahrnehmungsraeume.at\/index.php?rest_route=\/wp\/v2\/users\/1"}],"replies":[{"embeddable":true,"href":"https:\/\/www.wahrnehmungsraeume.at\/index.php?rest_route=%2Fwp%2Fv2%2Fcomments&post=27"}],"version-history":[{"count":9,"href":"https:\/\/www.wahrnehmungsraeume.at\/index.php?rest_route=\/wp\/v2\/pages\/27\/revisions"}],"predecessor-version":[{"id":1100,"href":"https:\/\/www.wahrnehmungsraeume.at\/index.php?rest_route=\/wp\/v2\/pages\/27\/revisions\/1100"}],"up":[{"embeddable":true,"href":"https:\/\/www.wahrnehmungsraeume.at\/index.php?rest_route=\/wp\/v2\/pages\/16"}],"wp:featuredmedia":[{"embeddable":true,"href":"https:\/\/www.wahrnehmungsraeume.at\/index.php?rest_route=\/wp\/v2\/media\/738"}],"wp:attachment":[{"href":"https:\/\/www.wahrnehmungsraeume.at\/index.php?rest_route=%2Fwp%2Fv2%2Fmedia&parent=27"}],"curies":[{"name":"wp","href":"https:\/\/api.w.org\/{rel}","templated":true}]}}